4) - -6)?
-1
What is the value of 1 + -3 + -5 + 2?
-5
Evaluate -52 + 54 + -7 + -1 + 3.
-3
What is the value of (7 - (1 - (-3 + -3))) + 0?
0
1 + -11 - (2 - (-1 + 8))
-5
Calculate (-9 - -10) + (2 - 5) - 7.
-9
What is the value of 3 - 1 - ((-4 - 1) + 3)?
4
What is the value of (-22 - -31) + 0 + -11?
-2
Evaluate (0 - -10) + -24 + 15 - 2.
-1
Evaluate 4 + -9 + (9 - 4).
0
What is -8 + 9 - (3 - -2)?
-4
What is 2 + (-8 - -6) - (6 + -2)?
-4
What is (-12 - -6) + (6 - -1)?
1
Evaluate (-5 - 8 - -10) + 5.
2
(-10 - -20 - 13) + (-1 - 2)
-6
Calculate 23 - 18 - (6 - 1).
0
What is 3 - 7 - -7 - 1?
2
Calculate -1 + 5 + (6 - 14 - -7).
3
What is the value of 8 - (5 - (2 + 0))?
5
What is the value of 0 - (-2 + -1) - (3 + -4)?
4
Calculate 3 + (0 - -4) + -13 + 6.
0
What is the value of 3 + 0 + -2 - -4?
5
What is -3 - -2 - 3 - -2?
-2
What is the value of -10 + (10 - (-12 - -11))?
1
What is -1 + 15 + 0 + 1 + -5?
10
Evaluate -3 + (-1 - -1) - -7.
4
Calculate (2 + -3 - -3) + (1 - -1).
4
What is -1 + (15 - 7) + -3?
4
What is the value of -10 + 2 - (4 - 0 - 6)?
-6
Calculate -1 + -3 + 5 + -2 + 6.
5
Calculate (-2 - -2 - 2) + (-11 - -9).
-4
What is 2 - (1 + 1) - -5 - -1?
6
What is the value of (2 - (4 - (5 + -21))) + 8?
-10
Calculate -2 + (-1 - -1) - (188 - 182).
-8
(0 - 1 - (3 - -1)) + 0
-5
What is the value of (4 - (1 - 2)) + 27 + -30?
2
What is the value of -1 + 1 - (-7 + 18 + -6)?
-5
What is the value of -1 - 3 - -6 - 5?
-3
18 + -19 - (-2 + 7)
-6
Evaluate (6 - (6 + 3)) + 9 - 3.
3
What is the value of (-10 - (-25 - -1)) + -9?
5
5 - (-3 - (-5 - -1) - -1)
3
What is 5 + -5 - (-3 - -4 - 4)?
3
Calculate -1 + (5 - 8) - (-9 - 0).
5
Calculate (-10 - (-5 + (-4 - -7))) + 2.
-6
-1 - ((-1 - -4 - 1) + -1)
-2
1 + 1 + -3 + 155 + -162
-8
What is the value of -1 + (-6 + 16 - 4) + -1?
4
Evaluate -4 - -6 - -6 - 10.
-2
What is the value of 10 + -9 + -3 + -1 - 2?
-5
Evaluate 1 + (-7 + 2 - -2 - -5).
3
What is the value of (-6 - -8) + -7 - 0 - -3?
-2
1 - -1 - (1 - -4) - -3
0
What is 4 + -8 - (2 + -4 + 2)?
-4
-6 + (7 - (-2 + 6 - 0))
-3
What is 4 - (-9 - -5) - 1 - 3?
4
-1 + 2 + (0 + -1 - 0)
0
What is the value of 2 - (4 + 1 + -29 + 27)?
-1
Evaluate 7 + (3 - 6) + -5.
-1
8 - ((-11 - -22) + -8)
5
5 + -11 + (2 - -1)
-3
Calculate 3 + (-7 - -10) + -10 + -4.
-8
Calculate 7 + 0 - (-17 + 22).
2
What is 5 + -13 + (12 - 7)?
-3
Calculate -5 + (3 - 5) + 0 + 4.
-3
Evaluate 0 + 4 - (-5 + (12 - 7)).
4
(21 - 15) + 3 - 2
7
What is -1 + (1 + 9 - 5)?
4
Evaluate -3 + 2 + 3 + 6 + -2.
6
-2 + (3 - 9 - -5)
-3
What is the value of (5 + -1 - 3) + 4?
5
Evaluate 0 + 5 + -8 + -3 + 6.
0
What is the value of -25 - (-6 - 1) - -9?
-9
-3 + (-4 - -8) + 4
5
Calculate 2 + 8 - 8 - -6.
8
What is -5 + -6 + 8 - -6?
3
Evaluate 1 - (-11 + 7) - 8.
-3
Calculate 6 + (-6 - -4) + -5.
-1
Evaluate -19 - -25 - (1 + 7).
-2
What is the value of (6 - 6) + 4 - 4?
0
What is the value of (-1 - 1 - 4) + (-1 - -13)?
6
Evaluate -2 - 5 - (-4 + -4 - -5).
-4
What is the value of -17 + 23 + -4 + 9 + -10?
1
-1 - -8 - (0 + 8 - 4)
3
What is 8 + -4 + (-35 - -26)?
-5
Calculate 4 - (4 - (-2 + -2 + 4)).
0
(2 - (11 - 9)) + 7 + 0
7
What is the value of 3 - (-7 - ((4 - 1) + -6))?
7
-2 + (5 + -11 - -4 - 1)
-5
What is -4 - (2 + -3) - 3 - -3?
-3
(1 - 3) + 7 - 4
1
What is the value of 1 + -5 + (15 - 20 - -10)?
1
What is -7 + (5 - 15) - -9?
-8
Evaluate 0 - (1 - (-1 + (-2 - -8))).
4
What is the value of -1 - (6 - (2 + 0 + 5))?
0
-4 - (-3 - -2) - 1
-4
What is the value of 0 + -13 + 15 + -9 + 0?
-7
Evaluate 23 + -11 - (-7 + 10).
9
Evaluate 6 + 1 - (-6 + 10 + -3).
6
Calculate -3 + -5 + 2 + 0.
-6
What is the value of 5 - (-2 - 4) - 7?
4
What is the value of -1 - (-12 + 5 + 0 + 0)?
6
What is the value of (0 - (-3 + 6)) + 2 + 1?
0
Evaluate -6 - (-10 - -2) - 1.
1
Calculate -2 - (-3 + 5) - (-9 - -5).
0
What is the value of -1 - -5 - (-2 - (-7 - -3))?
2
0 + -6 + (18 - -4) + -18
-2
What is the value of -9 - (10 + -26) - (3 - -4)?
0
What is -4 + (7 - 3) + -2?
-2
Calculate 3 + -9 + 10 + 2 + 0.
6
What is 6 - (-1 + 6 + -5)?
6
Calculate 2 + (-14 + 5 - -4).
-3
Evaluate -2 + (4 + (1 - 9) - 0).
-6
What is the value of -2 - (6 + -4 + (3 - 2))?
-5
What is 7 + (1 - (-2 - -5) - -1)?
6
7 + (7 - 21 - 2) + 0
-9
-3 + -3 + 8 + 1 + 0
3
-6 - -4 - (17 - 13)
-6
Calculate 6 + -4 - 6 - -2.
-2
(-1 - -3) + -2 + 3 + 0
3
What is -4 - (2 + (-2 - -5) + -12)?
3
What is 0 + 0 - 0 - (0 + 0)?
0
(-15 - -22) + 6 + -2
11
Calculate (-1 - -2) + (1 + -4 - -3).
1
(2 - 5) + (3 - 0)
0
14 + -16 + (1 - (3 + -3))
-1
What is 2 + (2 - (9 + -3 - -3))?
-5
What is the value of 1 + -10 - (198 + -206)?
-1
-5 + -2 - (3 - -4 - 13)
-1
(4 - 8 - 1) + 6
1
What is the value of 1 - 1 - (16 + -11)?
-5
-6 + 1 + 4 - (0 - 4)
3
What is the value of 3 - (-3 + 5 + 3)?
-2
What is 7 - (1 + (-3 - -4))?
5
2 + -2 + 3 + -5 + 1
-1
What is 0 + 4 + -6 + (5 - 2)?
1
Calculate 8 - (11 + -5) - 1.
1
Calculate -11 + -9 + 21 - (0 - 4).
5
Calculate 3 + 2 + 0 - 3.
2
What is -1 - -1 - (5 - 10)?
5
-1 - (-2 - (2 + -4))
-1
What is -1 - -5 - (10 + (1 - 3))?
-4
-1 + 0 + (-18 - -22)
3
Calculate 0 - (1 + 4) - (-7 - 5).
7
What is -1 + (0 - -1) + -10 + 9?
-1
-2 - (-2 + 5 + -2)
-3
What is the value of 3 - (3 + -4 + 4 + -3)?
3
4 + -1 + -3 + 4
4
What is the value of (12 - 7 - -2) + (-6 - -1)?
2
Calculate -5 - (3 + (4 - (2 - -9))).
-1
Calculate (1 - -2) + -8 + -8 + 10.
-3
Evaluate (-2 - 7) + 1 + 5 + 1.
-2
What is (1 - -3) + (36 - 43) + 3?
0
What is 8 - 0 - (14 + -10)?
4
Evaluate 13 + (-2 - (18 - 9)).
2
Evaluate 1 - (0 + (-4 - 0)).
5
2 - -5 - (2 + 13 + -11)
3
What is (-9 - -4) + (-2 - -6) - -4?
3
What is the value of -7 - (2 + (-5 - 1))?
-3
Evaluate 5 + -11 + 5 - -6.
5
Calculate -1 + 0 - (-13 + 13) - 5.
-6
1 - -5 - (-7 + 11)
2
-12 - (3 + -5 + -8)
-2
-3 - 2 - (-22 + 6 + 8)
3
-16 - -12 - (-1 - -2)
-5
What is (14 - 5 - (-1 + 4)) + -4?
2
Calculate -1 + -3 - (2 + 6 + -11).
-1
Evaluate (13 - -2) + (-22 - -18) + -4.
7
Evaluate -1 - (2 - (4 + 2)).
3
(2 - 0) + -13 + 2 + 11
2
(0 - 3) + (-8 - -14) + 5
8
Evaluate -3 + 0 + 4 + -3.
-2
Evaluate (5 - 4 - 12) + 4.
-7
What is 5 + (15 - 10) + 0 + -3?
7
65 + -55 + 1 + -8
3
-4 + (4 - -2) + -6
-4
Calculate (2 - (-10 + 16)) + 5.
1
Evaluate -12 - (-22 + 8) - -2.
4
What is the value of -4 - 3 - -4 - -5?
2
(-2 - (-4 - (-6 + 4))) + 3
3
Calculate 7 + -1 + -9 + 7.
4
What is 148 - 146 - (0 + 1 + 0)?
1
What is the value of 26 - 30 - (-5 + (-1 - -3))?
-1
What is (-5 - (1 + -4)) + 7?
5
-6 - (-5 - 0) - 3
-4
What is the value of -5 + (1 - -4) + 3?
3
What is the value of (-3 - (1 - 4)) + 4?
4
-8 + (6 - (-4 + -1))
3
Evaluate -8 - (4 - ((-7 - -3) + 15)).
-1
(-1 - (4 - 4)) + -4
-5
What is the value of 0 - (1 + -2 - (4 - 2))?
3
Evaluate (-3 - -1) + 2 + -2 + 1.
-1
What is 20 - 8 - (14 + -1)?
-1
What is the value of 1 + (6 - 6 - -2)?
3
(-1 - (-7 - -3)) + -5
-2
What is the value of 3 + (15 + -24 - (-3 + 1))?
-4
What is -1 - 1 - (7 + -10)?
1
-1 - (1 + (4 - 9))
3
What is the value of -12 + (4 - 0) - (-6 - -1)?
-3
Evaluate 3 - (-6 - (-2 + -11)).
-4
-144 + 137 - (0 + -1)
-6
What is the value of 0 - (1 + (-2 + 0 - 0))?
1
What is the value of -4 + (1 - 3) - (0 - 1)?
-5
What is 7 - ((22 - 2) + -7)?
-6
Evaluate -11 - (-5 + -11 + 4).
1
What is the value of -6 + (3 - (-9 + 15))?
-9
What is 2 + -3 - (-2 + -2) - 5?
-2
What is -1 - 0 - -4 - 2?
1
Evaluate (-4 - (2 - 7)) + 0.
1
4 + 3 + -8 + 0
-1
Calculate -9 + (-3 + 2 - -5).
-5
What is the value of 4 - (-6 + 6) - 0?
4
What is the value of 0 + 0 - (1 - (-11 - -6))?
-6
What is 0 + (-6 - (3 - 3))?
-6
-3 + 10 + -7 - (1 - 3)
2
Evaluate (-8 - -4) + 4 + 6 - 3.
3
Evaluate -2 - (0 + (-2 - -1)) - -3.
2
Evaluate (-4 + 10 - -1) + -7 + -3.
-3
Evaluate (5 - 4) + -12 - -8.
-3
(4 - (-2 + -1)) + -11 - -8
4
-3 + 0 + 27 + -26
-2
What is -1 + -2 + 1 - (3 + 0)?
-5
What is the value of (-1 - -2 - 5) + 0?
-4
(-2 - -2) + (6 - 2)
4
Calculate 2 + (-4 - -1 - 1).
-2
What is the value of (0 - (3 + 2 + -3)) + 4?
2
Evaluate 3 + -2 + 1 + -2 + -3.
-3
What is 0 - 0 - (-1 - (-5 + 2))?
-2
Evaluate (-3 + -4 - (3 - 4)) + 3.
-3
-1 - (-6 - -2 - 0)
3
What is (-5 - (-1 - 8)) + -5?
-1
Evaluate 18 - (-3 - (-22 + 8)).
7
Calculate 4 + (4 + 0 - -1) + -3.
6
What is the value of -1 - -4 - 1 - 5?
-3
What is -2 - (0 - (4 + 1 - 7))?
-4
What is the value of 0 + -5 + (-4 - -8)?
-1
What is the value of 1 + -2 - ((0 - 2) + 0)?
1
Evaluate 4 + (-17 - -6) + -1.
-8
-2 + (-2 - 0 - -10)
6
What is -5 